 - 17*n**2. What is the units digit of d(y)?
2
Suppose -p - 4 = p - t, -2*t + 4 = 0. What is the units digit of (1/(4/(-124)))/p?
1
Suppose 49 = 5*p + 29. Suppose 4*z = -6 + 14. Suppose 4*t - 3*t = -p*r + 32, 0 = -z*r - 2*t + 22. What is the units digit of r?
7
Let b = -101 - -103. Suppose c - 53 = -c - 5*x, -13 = -c + b*x. What is the units digit of c?
9
Let i = -16 + 23. Let d be -1*i*90/(-21). What is the tens digit of (6/6)/(1/d)?
3
Suppose -2*v - 5*p + 31 = 11, -4*v + 2*p = -40. Let r(t) = -t**2 + 13*t - 19. Let g be r(v). What is the units digit of 9/g - 14/(-77)?
1
What is the hundreds digit of -2 + 2 + 649 - -2?
6
Let a = -4 - 1. Let y(b) = b**3 + 7*b**2 + 5*b + 9. Let f be y(a). Let m = -24 + f. What is the tens digit of m?
1
Suppose 97*m = 101*m - 1512. What is the hundreds digit of m?
3
Suppose 0 = -5*n + l + 17370 - 1231, 4*n = -4*l + 12916. What is the units digit of n?
8
Suppose -413 = -u + 5*c, 4*u - 5*c - 1577 = -0*u. What is the hundreds digit of u?
3
Let s(i) = -i**2 + i. Let q(a) = -5*a**2 + 4*a + 1. Let j(h) = -2*q(h) + 11*s(h). Let t be j(5). Let f = 13 + t. What is the units digit of f?
1
Suppose -31 = -3*o - 5*q, 46 = -0*o + 2*o - 3*q. Suppose -21*b + 464 = -o*b. What is the tens digit of b?
1
Let s = 258 - 137. Suppose 4*u - 51 = s. What is the units digit of u?
3
Suppose 0*m = -8*m + 2544. What is the tens digit of m?
1
Let q(b) = b**3 + 4*b**2 - 22*b - 10. Suppose -3*p - 24 = p. What is the units digit of q(p)?
0
Suppose 5 = -k, -134 = 5*y - 2*y - 5*k. Let d be y/2*(4 - 2). Let a = -26 - d. What is the tens digit of a?
2
Let o(p) = 4*p - 11. Let n be o(5). Let c = n + 49. What is the tens digit of c?
5
Let d(n) = n**2 + 26*n + 64. Let s(i) = -4*i + 36. Let u be s(16). What is the hundreds digit of d(u)?
1
Let t(k) = k**2 - 5. Let x be 4100/(-140) + 2/7. Let p = x - -24. What is the tens digit of t(p)?
2
Let b(z) = z**2 - 31*z - 37. Let x be b(32). Let v = 7 + 741. What is the tens digit of (-3)/x - v/(-20)?
3
What is the thousands digit of 922*(126/12)/7?
1
Let w = 32 - 45. Let r = 16 + w. Suppose -r*j - 9 = 0, -2*v + 5*j + 19 = -138. What is the units digit of v?
1
Suppose -580 = -2*j - 42. Suppose -4*o - 93 = -j. What is the units digit of o?
4
Let z(r) = -2*r**3 - 4*r**2 - r + 4. Let y(f) = 5*f**3 + 7*f**2 + f - 7. Let n(v) = 3*y(v) + 5*z(v). What is the hundreds digit of n(3)?
1
Let d be (-2)/(-8)*14*(-12)/7. Let w = 54 - 140. What is the tens digit of w/d*-1*-3?
4
What is the tens digit of (-96)/(-528) + 3954/33?
2
Let r = 2786 + -166. What is the thousands digit of r?
2
Let c(q) = 438*q**2 + 2*q + 1. Let a be c(-1). Let m = a + -256. What is the tens digit of m?
8
Suppose -2*k + 13 = 7. Let l = 58 + k. Suppose l = -2*g + 179. What is the tens digit of g?
5
Suppose 6 = m + m. Let d be -3 + -3 + 13 - m. Suppose 0 = d*t + 69 - 273. What is the tens digit of t?
5
Suppose 288 = 5*z + 58. What is the units digit of z?
6
Let p(u) = u**3 - 11*u**2 - 14*u + 12. Let n be p(12). What is the units digit of -1*327*-1*(-4)/n?
9
Let k = 1463 - 912. What is the tens digit of k?
5
Suppose 3*g + 0 = -5*w + 23, -5*w + 25 = 5*g. Suppose -15 = -4*y + g. Suppose -3*j = y*u - 61, -5*u - 29 + 4 = 0. What is the tens digit of j?
2
Let m(o) be the third derivative of -o**6/120 - 7*o**5/60 + 9*o**4/8 + 4*o**3 - 19*o**2. What is the tens digit of m(-10)?
5
Suppose -4*z - z = 0. Let k(m) = -m**3 - 9*m**2 + 20*m - 8. Let l be k(-11). Suppose z*x = 2*x - l. What is the units digit of x?
7
Let j = 25 + 23. What is the tens digit of (-2)/j*4 + 1406/12?
1
Suppose -2*p + 2*h = -11 + 1, h = -2*p + 7. Let u = -14 + 329. Suppose p*t - u = -t. What is the units digit of t?
3
Let t be (-2 - -1470) + (4 - 7). Suppose 18*h = t + 227. What is the tens digit of h?
9
Let j = 216 + 128. What is the tens digit of j?
4
Let c be 9/(270/(-12)) + (-2344)/(-10). Let l = c + -146. What is the units digit of l?
8
Let f(d) = -10*d + 6. Let k be f(-7). Suppose -5*a = -k - 109. What is the units digit of a?
7
Let v(d) = 2*d**2 - 22*d - 1. What is the units digit of v(12)?
3
Let y = -145 + 292. Suppose y = -0*i + 4*i + 5*m, -2*i + 72 = 2*m. What is the tens digit of i?
3
Let w be (6/(-3))/((-4)/6). Let v = 9 - w. Let m(u) = u - 4. What is the units digit of m(v)?
2
Let f(l) = 2*l - 5. Suppose 0*x = 3*x + 33. Let g = -7 - x. What is the units digit of f(g)?
3
Let w be (5 - -1)*1/2. Let p(b) = -3*b**3 + 4*b**2 + 7*b + 7. Let m be p(-2). Suppose -w*j = -0*j - m. What is the tens digit of j?
1
Let w = -15 + 50. Let x = w + -21. Suppose -t + 59 = 3*s, 0 = -2*s - 5*t + 21 + x. What is the tens digit of s?
2
Let g(w) = -12*w + 15. Suppose 19*o = 14*o - 40. What is the hundreds digit of g(o)?
1
Suppose 0 = -6*u - 12 - 6. What is the tens digit of 4 + u + 40 - 0?
4
Let k(i) = -i**2 - 11*i + 3. Let d be k(-11). Suppose -d*v + 9 = -0*v. What is the units digit of 2/(v + 103/(-35))?
5
Let r(u) = u**3 - 8*u**2 - 3*u - 2*u + 1 + 28 - 32. Let d = -4 + 13. What is the tens digit of r(d)?
3
Suppose 0 = 3*b + 5*y - 56, b + 3*y - 8 = 4*y. Suppose 0 = -8*q + b*q - 8. Suppose -q = -2*x + 4. What is the units digit of x?
3
Let h be (-4 - -2)*(-6)/(-3). Let t(b) = -4*b - 1. What is the units digit of t(h)?
5
Let s(l) = l**3 + 10*l**2 + 9*l + 2. Let k be s(-9). Suppose -k*n + 8 = -4. Suppose n*r - 2*r = 88. What is the units digit of r?
2
Let n = 7 + -25. Suppose 0 = -3*h - 1 - 20. Let d = h - n. What is the units digit of d?
1
Let r(h) = -6*h - 19. Let l = 13 + -23. What is the tens digit of r(l)?
4
Suppose -3*j - 2*j = -10, -5*j + 665 = d. What is the hundreds digit of d?
6
Let r = -849 + 1246. What is the tens digit of r?
9
Suppose -9*b + 12 = -13*b. Let k be b*3/((-9)/4). Suppose 3*q - 6 = -g, -2*g + k*q - 2*q = -44. What is the units digit of g?
8
Let v(m) = -m**3 - m**2 - m - 14. Let i be v(0). Let u = 17 + i. Suppose 0*c - u*c = -2*z + 25, 0 = 3*c + 15. What is the units digit of z?
5
Let w(d) = -d**3 + 13*d**2 - 9*d - 14. Let f be w(11). Let u be (f/9)/((-1)/(-3)). Let o = -2 + u. What is the tens digit of o?
4
Suppose 0*z - 5 = -z. Let k be (-2)/((12/(-362))/3). Suppose k = 4*m + 5*p, 5*m + 39 = z*p + 209. What is the tens digit of m?
3
Suppose -2513 = 217*z - 224*z. What is the hundreds digit of z?
3
Let q = 15 + -19. Let m be ((-168)/(-6))/(2/q). Let w = -5 - m. What is the tens digit of w?
5
Suppose 2652 + 4084 = 4*a. What is the thousands digit of a?
1
What is the hundreds digit of 445/178*(-16824)/(-10)?
2
What is the units digit of (1 + 15)/(2/8)?
4
Let j = 2241 + -1487. What is the tens digit of j?
5
What is the units digit of (-675)/(-6) + 24/48?
3
Let v(q) = 2*q**2 + q - 48. What is the units digit of v(-7)?
3
Let x = 5 - 2. Suppose 3*n - 210 = -x*n. Let q = n - 25. What is the units digit of q?
0
Let b be (36/(-30) - -2)/(4/2810). Suppose -58 = 3*l - b. What is the tens digit of l?
6
Let p(b) be the second derivative of b**6/180 - b**5/24 + b**4/6 - 7*b**3/6 - 4*b. Let w(q) be the second derivative of p(q). What is the tens digit of w(4)?
1
Let g(s) = -s**2 + 5*s - 1. Let m be g(3). Suppose 0*d + 95 = -m*d. Let t = d - -38. What is the tens digit of t?
1
Let c = 20 - 25. Let p(u) = -u**3 - 3*u**2 + 8*u + 10. Let s be p(c). Suppose a = m + 8, s - 4 = 2*a - 4*m. What is the units digit of a?
8
Suppose 4*b = -4*z + 40, 7*b - 3*b = 12. Let h(j) = -j**2 + j. Let t be h(3). Let v = t + z. What is the units digit of v?
1
Let f = -8 - -34. Suppose 3*t + 0 + 6 = -2*c, -t + c + 3 = 0. Suppose -7*b = -4*k - 2*b + 93, t = k - 4*b - f. What is the tens digit of k?
2
What is the units digit of (1501/95)/(1/25)?
5
Suppose i - 1035 = -v, 2070 = 2*i + 3*v - 0*v. What is the units digit of i?
5
Let m(v) = 1. Let p(a) = -a - 2. Let y(n) = 2*m(n) + p(n). What is the units digit of y(-2)?
2
What is the thousands digit of (-2)/(80/5) - 8385/(-8)?
1
What is the hundreds digit of 2/(2/987) + (3 - -2)?
9
Let a(n) = n + 2. Let l be a(-7). Let v(q) = q**2 + 4*q - 10. Let k be v(l). What is the units digit of (-2)/(-10) - 29/k?
6
Let m be ((-13)/(-3))/((-7)/((-294)/(-7))). Let w = -95 + 56. Let c = m - w. What is the tens digit of c?
1
Let z = 328 + -153. Suppose r = 27 + z. What is the hundreds digit of r?
2
Let j(l) = l**3 - 16*l**2 + 5*l - 23. Let f be j(16). Suppose -1 - f = -i. What is the u